{"id":4098,"date":"2026-04-10T14:10:32","date_gmt":"2026-04-10T12:10:32","guid":{"rendered":"https:\/\/shops.apaya.ag\/weg-schwabach\/?post_type=product&#038;p=4098"},"modified":"2026-04-10T14:27:30","modified_gmt":"2026-04-10T12:27:30","slug":"damen-pique-poloshirt-kurzarm-2","status":"publish","type":"product","link":"https:\/\/shops.apaya.ag\/weg-schwabach\/produkt\/damen-pique-poloshirt-kurzarm-2\/","title":{"rendered":"Damen Piqu\u00e9 Poloshirt Kurzarm"},"content":{"rendered":"<p>100% gek\u00e4mmtes Baumwollpiqu\u00e9, waschbar bis 60\u00b0C (Oxford Grey 90% Baumwolle \/ 10% Viskose, waschbar bis 40\u00b0C). Feinrippkragen. Kontrastfarbenes Zierband im Kragen und an den Seitenschlitzen in Oxford Grey (Oxford Grey mit Dark Grey Nackenband). Elasthan verst\u00e4rkte Rippb\u00fcndchen. 2-Knopfleiste. Doppelnahtverarbeitung. Zertifizierte STANDARD 100 by OEKO-TEX\u00ae N\u00b0 CQ 1007\/7, IFTH.<\/p>\n","protected":false},"excerpt":{"rendered":"<p>Mit Motiv vorne klein, links (Herzseite) und hinten gro\u00df, mittig<\/p>\n","protected":false},"featured_media":1506,"template":"","meta":{"_uag_custom_page_level_css":"","_coblocks_attr":"","_coblocks_dimensions":"","_coblocks_responsive_height":"","_coblocks_accordion_ie_support":""},"product_brand":[],"product_cat":[22],"product_tag":[],"class_list":{"0":"post-4098","1":"product","2":"type-product","3":"status-publish","4":"has-post-thumbnail","6":"product_cat-poloshirts","8":"first","9":"instock","10":"taxable","11":"shipping-taxable","12":"purchasable","13":"product-type-variable","14":"has-default-attributes"},"uagb_featured_image_src":{"full":["https:\/\/shops.apaya.ag\/weg-schwabach\/wp-content\/uploads\/sites\/108\/2025\/03\/feature-g8L2tn-front-back-ti600_51434_front.jpg",600,600,false],"thumbnail":["https:\/\/shops.apaya.ag\/weg-schwabach\/wp-content\/uploads\/sites\/108\/2025\/03\/feature-g8L2tn-front-back-ti600_51434_front-150x150.jpg",150,150,true],"medium":["https:\/\/shops.apaya.ag\/weg-schwabach\/wp-content\/uploads\/sites\/108\/2025\/03\/feature-g8L2tn-front-back-ti600_51434_front-300x300.jpg",300,300,true],"medium_large":["https:\/\/shops.apaya.ag\/weg-schwabach\/wp-content\/uploads\/sites\/108\/2025\/03\/feature-g8L2tn-front-back-ti600_51434_front.jpg",600,600,false],"large":["https:\/\/shops.apaya.ag\/weg-schwabach\/wp-content\/uploads\/sites\/108\/2025\/03\/feature-g8L2tn-front-back-ti600_51434_front.jpg",600,600,false],"1536x1536":["https:\/\/shops.apaya.ag\/weg-schwabach\/wp-content\/uploads\/sites\/108\/2025\/03\/feature-g8L2tn-front-back-ti600_51434_front.jpg",600,600,false],"2048x2048":["https:\/\/shops.apaya.ag\/weg-schwabach\/wp-content\/uploads\/sites\/108\/2025\/03\/feature-g8L2tn-front-back-ti600_51434_front.jpg",600,600,false],"woocommerce_thumbnail":["https:\/\/shops.apaya.ag\/weg-schwabach\/wp-content\/uploads\/sites\/108\/2025\/03\/feature-g8L2tn-front-back-ti600_51434_front-324x324.jpg",324,324,true],"woocommerce_single":["https:\/\/shops.apaya.ag\/weg-schwabach\/wp-content\/uploads\/sites\/108\/2025\/03\/feature-g8L2tn-front-back-ti600_51434_front-416x416.jpg",416,416,true],"woocommerce_gallery_thumbnail":["https:\/\/shops.apaya.ag\/weg-schwabach\/wp-content\/uploads\/sites\/108\/2025\/03\/feature-g8L2tn-front-back-ti600_51434_front-100x100.jpg",100,100,true]},"uagb_author_info":{"display_name":"Administrator","author_link":"https:\/\/shops.apaya.ag\/weg-schwabach\/author\/"},"uagb_comment_info":0,"uagb_excerpt":"Mit Motiv vorne klein, links (Herzseite) und hinten gro\u00df, mittig","_links":{"self":[{"href":"https:\/\/shops.apaya.ag\/weg-schwabach\/wp-json\/wp\/v2\/product\/4098","targetHints":{"allow":["GET"]}}],"collection":[{"href":"https:\/\/shops.apaya.ag\/weg-schwabach\/wp-json\/wp\/v2\/product"}],"about":[{"href":"https:\/\/shops.apaya.ag\/weg-schwabach\/wp-json\/wp\/v2\/types\/product"}],"wp:featuredmedia":[{"embeddable":true,"href":"https:\/\/shops.apaya.ag\/weg-schwabach\/wp-json\/wp\/v2\/media\/1506"}],"wp:attachment":[{"href":"https:\/\/shops.apaya.ag\/weg-schwabach\/wp-json\/wp\/v2\/media?parent=4098"}],"wp:term":[{"taxonomy":"product_brand","embeddable":true,"href":"https:\/\/shops.apaya.ag\/weg-schwabach\/wp-json\/wp\/v2\/product_brand?post=4098"},{"taxonomy":"product_cat","embeddable":true,"href":"https:\/\/shops.apaya.ag\/weg-schwabach\/wp-json\/wp\/v2\/product_cat?post=4098"},{"taxonomy":"product_tag","embeddable":true,"href":"https:\/\/shops.apaya.ag\/weg-schwabach\/wp-json\/wp\/v2\/product_tag?post=4098"}],"curies":[{"name":"wp","href":"https:\/\/api.w.org\/{rel}","templated":true}]}}