{"id":1005,"date":"2025-05-14T00:58:19","date_gmt":"2025-05-13T22:58:19","guid":{"rendered":"https:\/\/shops.apaya.ag\/stefan-andres-schule\/?post_type=product&#038;p=1005"},"modified":"2026-04-17T02:12:27","modified_gmt":"2026-04-17T00:12:27","slug":"cotton-gymsac","status":"publish","type":"product","link":"https:\/\/shops.apaya.ag\/stefan-andres-schule\/produkt\/cotton-gymsac\/","title":{"rendered":"Cotton Gymsac"},"content":{"rendered":"<p>Die nat\u00fcrliche Alternative zu Polyester-Turnbeuteln, Zusammenziehbare Tragekordel, Fassungsverm\u00f6gen: 12 Ltr., Ma\u00dfe: 37 x 46 cm, Veredelbare Fl\u00e4che: 29 x 29 cm<\/p>\n","protected":false},"excerpt":{"rendered":"<p>Mit Motiv Tasche &#8211; vorne, mittig klein<\/p>\n","protected":false},"featured_media":971,"template":"","meta":{"_uag_custom_page_level_css":"","_coblocks_attr":"","_coblocks_dimensions":"","_coblocks_responsive_height":"","_coblocks_accordion_ie_support":""},"product_brand":[],"product_cat":[21],"product_tag":[],"class_list":{"0":"post-1005","1":"product","2":"type-product","3":"status-publish","4":"has-post-thumbnail","6":"product_cat-gymsac","8":"first","9":"instock","10":"taxable","11":"shipping-taxable","12":"purchasable","13":"product-type-variable","14":"has-default-attributes"},"uagb_featured_image_src":{"full":["https:\/\/shops.apaya.ag\/stefan-andres-schule\/wp-content\/uploads\/sites\/41\/2025\/05\/ti600_53083_front.jpg",600,600,false],"thumbnail":["https:\/\/shops.apaya.ag\/stefan-andres-schule\/wp-content\/uploads\/sites\/41\/2025\/05\/ti600_53083_front-150x150.jpg",150,150,true],"medium":["https:\/\/shops.apaya.ag\/stefan-andres-schule\/wp-content\/uploads\/sites\/41\/2025\/05\/ti600_53083_front-300x300.jpg",300,300,true],"medium_large":["https:\/\/shops.apaya.ag\/stefan-andres-schule\/wp-content\/uploads\/sites\/41\/2025\/05\/ti600_53083_front.jpg",600,600,false],"large":["https:\/\/shops.apaya.ag\/stefan-andres-schule\/wp-content\/uploads\/sites\/41\/2025\/05\/ti600_53083_front.jpg",600,600,false],"1536x1536":["https:\/\/shops.apaya.ag\/stefan-andres-schule\/wp-content\/uploads\/sites\/41\/2025\/05\/ti600_53083_front.jpg",600,600,false],"2048x2048":["https:\/\/shops.apaya.ag\/stefan-andres-schule\/wp-content\/uploads\/sites\/41\/2025\/05\/ti600_53083_front.jpg",600,600,false],"woocommerce_thumbnail":["https:\/\/shops.apaya.ag\/stefan-andres-schule\/wp-content\/uploads\/sites\/41\/2025\/05\/ti600_53083_front-324x324.jpg",324,324,true],"woocommerce_single":["https:\/\/shops.apaya.ag\/stefan-andres-schule\/wp-content\/uploads\/sites\/41\/2025\/05\/ti600_53083_front-416x416.jpg",416,416,true],"woocommerce_gallery_thumbnail":["https:\/\/shops.apaya.ag\/stefan-andres-schule\/wp-content\/uploads\/sites\/41\/2025\/05\/ti600_53083_front-100x100.jpg",100,100,true]},"uagb_author_info":{"display_name":"Administrator","author_link":"https:\/\/shops.apaya.ag\/stefan-andres-schule\/author\/"},"uagb_comment_info":0,"uagb_excerpt":"Mit Motiv Tasche - vorne, mittig klein","_links":{"self":[{"href":"https:\/\/shops.apaya.ag\/stefan-andres-schule\/wp-json\/wp\/v2\/product\/1005","targetHints":{"allow":["GET"]}}],"collection":[{"href":"https:\/\/shops.apaya.ag\/stefan-andres-schule\/wp-json\/wp\/v2\/product"}],"about":[{"href":"https:\/\/shops.apaya.ag\/stefan-andres-schule\/wp-json\/wp\/v2\/types\/product"}],"wp:featuredmedia":[{"embeddable":true,"href":"https:\/\/shops.apaya.ag\/stefan-andres-schule\/wp-json\/wp\/v2\/media\/971"}],"wp:attachment":[{"href":"https:\/\/shops.apaya.ag\/stefan-andres-schule\/wp-json\/wp\/v2\/media?parent=1005"}],"wp:term":[{"taxonomy":"product_brand","embeddable":true,"href":"https:\/\/shops.apaya.ag\/stefan-andres-schule\/wp-json\/wp\/v2\/product_brand?post=1005"},{"taxonomy":"product_cat","embeddable":true,"href":"https:\/\/shops.apaya.ag\/stefan-andres-schule\/wp-json\/wp\/v2\/product_cat?post=1005"},{"taxonomy":"product_tag","embeddable":true,"href":"https:\/\/shops.apaya.ag\/stefan-andres-schule\/wp-json\/wp\/v2\/product_tag?post=1005"}],"curies":[{"name":"wp","href":"https:\/\/api.w.org\/{rel}","templated":true}]}}