{"id":1946,"date":"2024-10-11T11:32:08","date_gmt":"2024-10-11T09:32:08","guid":{"rendered":"https:\/\/shops.apaya.ag\/paterdelp\/?post_type=product&#038;p=1946"},"modified":"2024-10-11T11:32:48","modified_gmt":"2024-10-11T09:32:48","slug":"herren-sweatshirt-bio-baumwolle-rundhalsausschnitt-raglanaermel","status":"publish","type":"product","link":"https:\/\/shops.apaya.ag\/paterdelp\/produkt\/herren-sweatshirt-bio-baumwolle-rundhalsausschnitt-raglanaermel\/","title":{"rendered":"Herren Sweatshirt BIO-BAUMWOLLE Rundhalsausschnitt Raglan\u00e4rmel"},"content":{"rendered":"<p>Farben Black, French Navy Heather, Grey Heather, Mossy Green, Navy, Ocean Blue Heather, Red, Storm Grey, Wine Heather, Snow Grey, Sage und Lemon Yellow : 80% Baumwolle \/ 20% Polyester. Hergestellt aus 80 % Bio-Baumwolle und 20 % recyceltem Polyester. 20% recyceltes Polyester. Nicht geb\u00fcrstetes Vlies (French Terry). LST (Low Shrinkage Terry). Modische Passform. Strickb\u00fcndchen an Kragen, \u00c4rmeln und Saum. Fischgr\u00e4tenband und V-Ausschnitt in Twill-Qualit\u00e4t. Kein Markenetikett am Kragen, nur Gr\u00f6\u00dfenkennzeichnung f\u00fcr eine leichtere Veredelung. Zertifizierte STANDARD 100 by OEKO-TEX\u00aeN\u00b0 CQ1007\/7, IFTH.<\/p>\n","protected":false},"excerpt":{"rendered":"<p>Mit Motiv vorne gro\u00df, mittig<\/p>\n","protected":false},"featured_media":617,"template":"","meta":{"_uag_custom_page_level_css":"","_coblocks_attr":"","_coblocks_dimensions":"","_coblocks_responsive_height":"","_coblocks_accordion_ie_support":""},"product_brand":[],"product_cat":[20],"product_tag":[],"class_list":{"0":"post-1946","1":"product","2":"type-product","3":"status-publish","4":"has-post-thumbnail","6":"product_cat-sweatshirts","8":"first","9":"instock","10":"taxable","11":"shipping-taxable","12":"purchasable","13":"product-type-variable","14":"has-default-attributes"},"uagb_featured_image_src":{"full":["https:\/\/shops.apaya.ag\/paterdelp\/wp-content\/uploads\/sites\/60\/2023\/04\/ti600_35049_front.jpg",600,600,false],"thumbnail":["https:\/\/shops.apaya.ag\/paterdelp\/wp-content\/uploads\/sites\/60\/2023\/04\/ti600_35049_front-150x150.jpg",150,150,true],"medium":["https:\/\/shops.apaya.ag\/paterdelp\/wp-content\/uploads\/sites\/60\/2023\/04\/ti600_35049_front-300x300.jpg",300,300,true],"medium_large":["https:\/\/shops.apaya.ag\/paterdelp\/wp-content\/uploads\/sites\/60\/2023\/04\/ti600_35049_front.jpg",600,600,false],"large":["https:\/\/shops.apaya.ag\/paterdelp\/wp-content\/uploads\/sites\/60\/2023\/04\/ti600_35049_front.jpg",600,600,false],"1536x1536":["https:\/\/shops.apaya.ag\/paterdelp\/wp-content\/uploads\/sites\/60\/2023\/04\/ti600_35049_front.jpg",600,600,false],"2048x2048":["https:\/\/shops.apaya.ag\/paterdelp\/wp-content\/uploads\/sites\/60\/2023\/04\/ti600_35049_front.jpg",600,600,false],"woocommerce_thumbnail":["https:\/\/shops.apaya.ag\/paterdelp\/wp-content\/uploads\/sites\/60\/2023\/04\/ti600_35049_front-324x324.jpg",324,324,true],"woocommerce_single":["https:\/\/shops.apaya.ag\/paterdelp\/wp-content\/uploads\/sites\/60\/2023\/04\/ti600_35049_front-416x416.jpg",416,416,true],"woocommerce_gallery_thumbnail":["https:\/\/shops.apaya.ag\/paterdelp\/wp-content\/uploads\/sites\/60\/2023\/04\/ti600_35049_front-100x100.jpg",100,100,true]},"uagb_author_info":{"display_name":"Administrator","author_link":"https:\/\/shops.apaya.ag\/paterdelp\/author\/"},"uagb_comment_info":0,"uagb_excerpt":"Mit Motiv vorne gro\u00df, mittig","_links":{"self":[{"href":"https:\/\/shops.apaya.ag\/paterdelp\/wp-json\/wp\/v2\/product\/1946","targetHints":{"allow":["GET"]}}],"collection":[{"href":"https:\/\/shops.apaya.ag\/paterdelp\/wp-json\/wp\/v2\/product"}],"about":[{"href":"https:\/\/shops.apaya.ag\/paterdelp\/wp-json\/wp\/v2\/types\/product"}],"wp:featuredmedia":[{"embeddable":true,"href":"https:\/\/shops.apaya.ag\/paterdelp\/wp-json\/wp\/v2\/media\/617"}],"wp:attachment":[{"href":"https:\/\/shops.apaya.ag\/paterdelp\/wp-json\/wp\/v2\/media?parent=1946"}],"wp:term":[{"taxonomy":"product_brand","embeddable":true,"href":"https:\/\/shops.apaya.ag\/paterdelp\/wp-json\/wp\/v2\/product_brand?post=1946"},{"taxonomy":"product_cat","embeddable":true,"href":"https:\/\/shops.apaya.ag\/paterdelp\/wp-json\/wp\/v2\/product_cat?post=1946"},{"taxonomy":"product_tag","embeddable":true,"href":"https:\/\/shops.apaya.ag\/paterdelp\/wp-json\/wp\/v2\/product_tag?post=1946"}],"curies":[{"name":"wp","href":"https:\/\/api.w.org\/{rel}","templated":true}]}}