{"id":823,"date":"2021-09-10T19:02:42","date_gmt":"2021-09-10T17:02:42","guid":{"rendered":"https:\/\/shops.apaya.ag\/jules-verne-campus\/?post_type=product&#038;p=823"},"modified":"2021-09-13T15:41:43","modified_gmt":"2021-09-13T13:41:43","slug":"cruiser","status":"publish","type":"product","link":"https:\/\/shops.apaya.ag\/jules-verne-campus\/produkt\/cruiser\/","title":{"rendered":"CRUISER"},"content":{"rendered":"<p>Iconic Unisex Hoodie<br \/>\nEingesetzte \u00c4rmel<br \/>\nKapuze mit abgesetztem Futter<br \/>\nRunde gleichfarbige Kordel, Kordelenden aus Metall<br \/>\n\u00d6sen aus Metall<br \/>\nNackenband mit Fischgr\u00e4tmuster<br \/>\nAbgesetzter Halbmond im Nacken<br \/>\nEinfache Absteppung am Halsausschnitt und entlang der Kapuze<br \/>\n1&#215;1 Rippstrick an \u00c4rmelenden und unterem Saum<br \/>\nDoppelabsteppung an \u00c4rmelans\u00e4tzen, \u00c4rmelenden und unterem Saum<br \/>\nK\u00e4ngurutasche<br \/>\nNormale Passform<br \/>\nRundhalsausschnitt mit Kapuze<\/p>\n","protected":false},"excerpt":{"rendered":"<p>Mit Motiv Vorne klein, links (Herzseite)<\/p>\n","protected":false},"featured_media":194,"template":"","meta":{"_uag_custom_page_level_css":"","_coblocks_attr":"","_coblocks_dimensions":"","_coblocks_responsive_height":"","_coblocks_accordion_ie_support":""},"product_brand":[],"product_cat":[25],"product_tag":[],"class_list":{"0":"post-823","1":"product","2":"type-product","3":"status-publish","4":"has-post-thumbnail","6":"product_cat-kapuzen-sweatshirts","8":"first","9":"instock","10":"taxable","11":"shipping-taxable","12":"purchasable","13":"product-type-variable","14":"has-default-attributes"},"uagb_featured_image_src":{"full":["https:\/\/shops.apaya.ag\/jules-verne-campus\/wp-content\/uploads\/sites\/18\/2021\/09\/ti600_21348_front-1.jpg",600,600,false],"thumbnail":["https:\/\/shops.apaya.ag\/jules-verne-campus\/wp-content\/uploads\/sites\/18\/2021\/09\/ti600_21348_front-1-150x150.jpg",150,150,true],"medium":["https:\/\/shops.apaya.ag\/jules-verne-campus\/wp-content\/uploads\/sites\/18\/2021\/09\/ti600_21348_front-1-300x300.jpg",300,300,true],"medium_large":["https:\/\/shops.apaya.ag\/jules-verne-campus\/wp-content\/uploads\/sites\/18\/2021\/09\/ti600_21348_front-1.jpg",600,600,false],"large":["https:\/\/shops.apaya.ag\/jules-verne-campus\/wp-content\/uploads\/sites\/18\/2021\/09\/ti600_21348_front-1.jpg",600,600,false],"1536x1536":["https:\/\/shops.apaya.ag\/jules-verne-campus\/wp-content\/uploads\/sites\/18\/2021\/09\/ti600_21348_front-1.jpg",600,600,false],"2048x2048":["https:\/\/shops.apaya.ag\/jules-verne-campus\/wp-content\/uploads\/sites\/18\/2021\/09\/ti600_21348_front-1.jpg",600,600,false],"woocommerce_thumbnail":["https:\/\/shops.apaya.ag\/jules-verne-campus\/wp-content\/uploads\/sites\/18\/2021\/09\/ti600_21348_front-1-324x324.jpg",324,324,true],"woocommerce_single":["https:\/\/shops.apaya.ag\/jules-verne-campus\/wp-content\/uploads\/sites\/18\/2021\/09\/ti600_21348_front-1-416x416.jpg",416,416,true],"woocommerce_gallery_thumbnail":["https:\/\/shops.apaya.ag\/jules-verne-campus\/wp-content\/uploads\/sites\/18\/2021\/09\/ti600_21348_front-1-100x100.jpg",100,100,true]},"uagb_author_info":{"display_name":"Administrator","author_link":"https:\/\/shops.apaya.ag\/jules-verne-campus\/author\/"},"uagb_comment_info":0,"uagb_excerpt":"Mit Motiv Vorne klein, links (Herzseite)","_links":{"self":[{"href":"https:\/\/shops.apaya.ag\/jules-verne-campus\/wp-json\/wp\/v2\/product\/823","targetHints":{"allow":["GET"]}}],"collection":[{"href":"https:\/\/shops.apaya.ag\/jules-verne-campus\/wp-json\/wp\/v2\/product"}],"about":[{"href":"https:\/\/shops.apaya.ag\/jules-verne-campus\/wp-json\/wp\/v2\/types\/product"}],"wp:featuredmedia":[{"embeddable":true,"href":"https:\/\/shops.apaya.ag\/jules-verne-campus\/wp-json\/wp\/v2\/media\/194"}],"wp:attachment":[{"href":"https:\/\/shops.apaya.ag\/jules-verne-campus\/wp-json\/wp\/v2\/media?parent=823"}],"wp:term":[{"taxonomy":"product_brand","embeddable":true,"href":"https:\/\/shops.apaya.ag\/jules-verne-campus\/wp-json\/wp\/v2\/product_brand?post=823"},{"taxonomy":"product_cat","embeddable":true,"href":"https:\/\/shops.apaya.ag\/jules-verne-campus\/wp-json\/wp\/v2\/product_cat?post=823"},{"taxonomy":"product_tag","embeddable":true,"href":"https:\/\/shops.apaya.ag\/jules-verne-campus\/wp-json\/wp\/v2\/product_tag?post=823"}],"curies":[{"name":"wp","href":"https:\/\/api.w.org\/{rel}","templated":true}]}}