{"id":2542,"date":"2025-09-14T01:03:31","date_gmt":"2025-09-13T23:03:31","guid":{"rendered":"https:\/\/shops.apaya.ag\/guteaenger\/?post_type=product&#038;p=2542"},"modified":"2026-04-10T17:26:25","modified_gmt":"2026-04-10T15:26:25","slug":"ladies-longline-open-cardigan-2","status":"publish","type":"product","link":"https:\/\/shops.apaya.ag\/guteaenger\/produkt\/ladies-longline-open-cardigan-2\/","title":{"rendered":"Ladies Longline Open Cardigan"},"content":{"rendered":"<p>Lose fallender, lang geschnittener Damen-Cardigan aus Feinstrick, 12 Gauge, Halbrippendetail am K\u00f6rper und an den \u00c4rmeln, Abgepasster \u00c4rmel, , Henbury cut out Back Nacken Label<\/p>\n","protected":false},"excerpt":{"rendered":"<p>Mit Motiv vorne klein, links (Herzseite)<\/p>\n","protected":false},"featured_media":2419,"template":"","meta":{"_uag_custom_page_level_css":"","_coblocks_attr":"","_coblocks_dimensions":"","_coblocks_responsive_height":"","_coblocks_accordion_ie_support":""},"product_brand":[],"product_cat":[22],"product_tag":[],"class_list":{"0":"post-2542","1":"product","2":"type-product","3":"status-publish","4":"has-post-thumbnail","6":"product_cat-strickwaren","8":"first","9":"instock","10":"taxable","11":"shipping-taxable","12":"purchasable","13":"product-type-variable","14":"has-default-attributes"},"uagb_featured_image_src":{"full":["https:\/\/shops.apaya.ag\/guteaenger\/wp-content\/uploads\/sites\/36\/2025\/09\/ti600_54681_front.jpg",600,600,false],"thumbnail":["https:\/\/shops.apaya.ag\/guteaenger\/wp-content\/uploads\/sites\/36\/2025\/09\/ti600_54681_front-150x150.jpg",150,150,true],"medium":["https:\/\/shops.apaya.ag\/guteaenger\/wp-content\/uploads\/sites\/36\/2025\/09\/ti600_54681_front-300x300.jpg",300,300,true],"medium_large":["https:\/\/shops.apaya.ag\/guteaenger\/wp-content\/uploads\/sites\/36\/2025\/09\/ti600_54681_front.jpg",600,600,false],"large":["https:\/\/shops.apaya.ag\/guteaenger\/wp-content\/uploads\/sites\/36\/2025\/09\/ti600_54681_front.jpg",600,600,false],"1536x1536":["https:\/\/shops.apaya.ag\/guteaenger\/wp-content\/uploads\/sites\/36\/2025\/09\/ti600_54681_front.jpg",600,600,false],"2048x2048":["https:\/\/shops.apaya.ag\/guteaenger\/wp-content\/uploads\/sites\/36\/2025\/09\/ti600_54681_front.jpg",600,600,false],"woocommerce_thumbnail":["https:\/\/shops.apaya.ag\/guteaenger\/wp-content\/uploads\/sites\/36\/2025\/09\/ti600_54681_front-324x324.jpg",324,324,true],"woocommerce_single":["https:\/\/shops.apaya.ag\/guteaenger\/wp-content\/uploads\/sites\/36\/2025\/09\/ti600_54681_front-416x416.jpg",416,416,true],"woocommerce_gallery_thumbnail":["https:\/\/shops.apaya.ag\/guteaenger\/wp-content\/uploads\/sites\/36\/2025\/09\/ti600_54681_front-100x100.jpg",100,100,true]},"uagb_author_info":{"display_name":"Administrator","author_link":"https:\/\/shops.apaya.ag\/guteaenger\/author\/"},"uagb_comment_info":0,"uagb_excerpt":"Mit Motiv vorne klein, links (Herzseite)","_links":{"self":[{"href":"https:\/\/shops.apaya.ag\/guteaenger\/wp-json\/wp\/v2\/product\/2542","targetHints":{"allow":["GET"]}}],"collection":[{"href":"https:\/\/shops.apaya.ag\/guteaenger\/wp-json\/wp\/v2\/product"}],"about":[{"href":"https:\/\/shops.apaya.ag\/guteaenger\/wp-json\/wp\/v2\/types\/product"}],"wp:featuredmedia":[{"embeddable":true,"href":"https:\/\/shops.apaya.ag\/guteaenger\/wp-json\/wp\/v2\/media\/2419"}],"wp:attachment":[{"href":"https:\/\/shops.apaya.ag\/guteaenger\/wp-json\/wp\/v2\/media?parent=2542"}],"wp:term":[{"taxonomy":"product_brand","embeddable":true,"href":"https:\/\/shops.apaya.ag\/guteaenger\/wp-json\/wp\/v2\/product_brand?post=2542"},{"taxonomy":"product_cat","embeddable":true,"href":"https:\/\/shops.apaya.ag\/guteaenger\/wp-json\/wp\/v2\/product_cat?post=2542"},{"taxonomy":"product_tag","embeddable":true,"href":"https:\/\/shops.apaya.ag\/guteaenger\/wp-json\/wp\/v2\/product_tag?post=2542"}],"curies":[{"name":"wp","href":"https:\/\/api.w.org\/{rel}","templated":true}]}}