{"id":1605,"date":"2025-06-30T02:55:33","date_gmt":"2025-06-30T00:55:33","guid":{"rendered":"https:\/\/shops.apaya.ag\/gsambahnhof\/?post_type=product&#038;p=1605"},"modified":"2025-06-30T02:59:16","modified_gmt":"2025-06-30T00:59:16","slug":"damen-poloshirt-classic","status":"publish","type":"product","link":"https:\/\/shops.apaya.ag\/gsambahnhof\/produkt\/damen-poloshirt-classic\/","title":{"rendered":"Damen-Poloshirt Classic"},"content":{"rendered":"<p>Klassisches Poloshirt f\u00fcr Damen, mit modisch schmaler, hochwertig verarbeiteter 4-Loch-Knopfleiste mit extrahaltbar angen\u00e4hten, bruchsicheren Kn\u00f6pfen, Ton in Ton mit dem gelaserten HAKRO-Schriftzug. Mit Ersatzknopf, Nackenband und doppelt geriegelten Seitenschlitzen. Hergestellt aus feinmaschigem Piqu\u00e9 aus langstapeliger, gek\u00e4mmter und ringgesponnener Baumwolle. Gewebtes HAKRO-Necklabel aus hochwertigem Kettsatin mit weichen, ultraschallgeschnittenen Bandkanten f\u00fcr angenehmen Tragekomfort und gewebtes HAKRO-Flaglabel an der linken Seitennaht.<\/p>\n<p>\u2022 Material: Piqu\u00e9 aus 100 % Baumwolle<br \/>\n(ash meliert: 98 % Baumwolle und 2 % Viskose; grau meliert: 85 % Baumwolle und 15 % Viskose)<br \/>\n\u2022 Gewicht: 200 g\/m2<br \/>\n\u2022 Ausr\u00fcstung: einlaufvorbehandelt<br \/>\n\u2022 Passform: Regular Fit<br \/>\n\u2022 Zertifikate: OEKO-TEX\u00ae STANDARD 100<br \/>\n\u2022 Waschtemperatur: max. 60 \u00b0C<br \/>\n\u2022 Gr\u00f6\u00dfen: XS-3XL<\/p>\n","protected":false},"excerpt":{"rendered":"<p>Mit Motiv vorne klein, links (Herzseite)<\/p>\n","protected":false},"featured_media":1416,"template":"","meta":{"_uag_custom_page_level_css":"","_coblocks_attr":"","_coblocks_dimensions":"","_coblocks_responsive_height":"","_coblocks_accordion_ie_support":""},"product_brand":[],"product_cat":[18],"product_tag":[],"class_list":{"0":"post-1605","1":"product","2":"type-product","3":"status-publish","4":"has-post-thumbnail","6":"product_cat-polos","8":"first","9":"instock","10":"taxable","11":"shipping-taxable","12":"purchasable","13":"product-type-variable","14":"has-default-attributes"},"uagb_featured_image_src":{"full":["https:\/\/shops.apaya.ag\/gsambahnhof\/wp-content\/uploads\/sites\/14\/2025\/06\/ti600_53925_front.jpg",600,600,false],"thumbnail":["https:\/\/shops.apaya.ag\/gsambahnhof\/wp-content\/uploads\/sites\/14\/2025\/06\/ti600_53925_front-150x150.jpg",150,150,true],"medium":["https:\/\/shops.apaya.ag\/gsambahnhof\/wp-content\/uploads\/sites\/14\/2025\/06\/ti600_53925_front-300x300.jpg",300,300,true],"medium_large":["https:\/\/shops.apaya.ag\/gsambahnhof\/wp-content\/uploads\/sites\/14\/2025\/06\/ti600_53925_front.jpg",600,600,false],"large":["https:\/\/shops.apaya.ag\/gsambahnhof\/wp-content\/uploads\/sites\/14\/2025\/06\/ti600_53925_front.jpg",600,600,false],"1536x1536":["https:\/\/shops.apaya.ag\/gsambahnhof\/wp-content\/uploads\/sites\/14\/2025\/06\/ti600_53925_front.jpg",600,600,false],"2048x2048":["https:\/\/shops.apaya.ag\/gsambahnhof\/wp-content\/uploads\/sites\/14\/2025\/06\/ti600_53925_front.jpg",600,600,false],"woocommerce_thumbnail":["https:\/\/shops.apaya.ag\/gsambahnhof\/wp-content\/uploads\/sites\/14\/2025\/06\/ti600_53925_front-324x324.jpg",324,324,true],"woocommerce_single":["https:\/\/shops.apaya.ag\/gsambahnhof\/wp-content\/uploads\/sites\/14\/2025\/06\/ti600_53925_front-416x416.jpg",416,416,true],"woocommerce_gallery_thumbnail":["https:\/\/shops.apaya.ag\/gsambahnhof\/wp-content\/uploads\/sites\/14\/2025\/06\/ti600_53925_front-100x100.jpg",100,100,true]},"uagb_author_info":{"display_name":"Administrator","author_link":"https:\/\/shops.apaya.ag\/gsambahnhof\/author\/"},"uagb_comment_info":0,"uagb_excerpt":"Mit Motiv vorne klein, links (Herzseite)","_links":{"self":[{"href":"https:\/\/shops.apaya.ag\/gsambahnhof\/wp-json\/wp\/v2\/product\/1605","targetHints":{"allow":["GET"]}}],"collection":[{"href":"https:\/\/shops.apaya.ag\/gsambahnhof\/wp-json\/wp\/v2\/product"}],"about":[{"href":"https:\/\/shops.apaya.ag\/gsambahnhof\/wp-json\/wp\/v2\/types\/product"}],"wp:featuredmedia":[{"embeddable":true,"href":"https:\/\/shops.apaya.ag\/gsambahnhof\/wp-json\/wp\/v2\/media\/1416"}],"wp:attachment":[{"href":"https:\/\/shops.apaya.ag\/gsambahnhof\/wp-json\/wp\/v2\/media?parent=1605"}],"wp:term":[{"taxonomy":"product_brand","embeddable":true,"href":"https:\/\/shops.apaya.ag\/gsambahnhof\/wp-json\/wp\/v2\/product_brand?post=1605"},{"taxonomy":"product_cat","embeddable":true,"href":"https:\/\/shops.apaya.ag\/gsambahnhof\/wp-json\/wp\/v2\/product_cat?post=1605"},{"taxonomy":"product_tag","embeddable":true,"href":"https:\/\/shops.apaya.ag\/gsambahnhof\/wp-json\/wp\/v2\/product_tag?post=1605"}],"curies":[{"name":"wp","href":"https:\/\/api.w.org\/{rel}","templated":true}]}}